3 + (-48 - -1). Suppose 2*s + 2*u + 1 - 189 = 0, -u = -3*s + 302. Let r = o + s. Is r a composite number?
False
Let f(u) = -17*u + 7. Let a be f(-5). Suppose 2*x = -0*x + a. Is x a composite number?
True
Suppose -1267 = -5*k + 78. Is k a composite number?
False
Let d(p) = -422*p - 31. Is d(-4) composite?
False
Let q(k) = -5*k - 41. Let p(h) = h + 8. Let i(s) = 11*p(s) + 2*q(s). Is i(0) prime?
False
Let n be 0 - (2 + -2 - 1). Suppose 0 = -v - n. Is (1 + v - -85) + -2 a prime number?
True
Let b = 3219 + -2261. Is b prime?
False
Suppose -5*n - b + 1466 = -795, 902 = 2*n + b. Is n composite?
True
Let j = 103 - 44. Is j a composite number?
False
Let a(t) = -t**2 - 7*t - 7. Let l be a(-5). Is (-1)/(2/((-114)/l)) a prime number?
True
Suppose 0*s + s - 159 = 0. Suppose 0 = -y - 2*y - 927. Is 3/(y/s - -2) prime?
True
Let f(w) = -2*w**3 + 2*w + 1. Let n = -16 + 13. Is f(n) composite?
True
Let w(b) be the third derivative of -55*b**4/4 + b**3/6 - 5*b**2. Is w(-1) a prime number?
True
Suppose 10*y - 5*y = 4*m - 13, 4*y = -2*m. Is 43*3/6*m prime?
True
Is (-1069)/((3 - (-20)/(-8))*-2) composite?
False
Let w(f) = 2*f**3 - 3*f**2 + 5*f - 7. Is w(6) a prime number?
True
Suppose -g + 759 = 5*t, g - 3*t = t + 777. Is g a prime number?
True
Let a(m) = 33*m - 2. Let r be a(-2). Let s be ((1 - 2) + 2)*r. Is 8/20 - s/5 composite?
True
Is (7 + -2)*4078/10 a composite number?
False
Is 2/(6/1881) + 4 + 0 prime?
True
Is (-3)/(-12) + 2673/12 composite?
False
Suppose 2*a = a + 152. Suppose -3*f + 9 + 3 = 0. Suppose 0 = 4*w + 5*t - a, -4*w - f*t + 97 = -51. Is w a prime number?
False
Let s be 6108/16 + (-3)/4. Let g = s + -537. Let j = -65 - g. Is j prime?
False
Suppose u + u - 3*o = 973, -2*u + 2*o + 970 = 0. Is u a composite number?
True
Suppose 5*v + 3*h - 9 = 25, v + 3*h = 14. Suppose v*u - 3*d = 1792, 4*d - 124 = 3*u - 1197. Suppose u = 3*j + 128. Is j a prime number?
False
Let w be (-3)/6*-2572 + -1. Suppose 5*h + 0*d = -2*d + w, -3*h = 3*d - 762. Is h a prime number?
False
Suppose 2*i - 456 = 5*z, i + z - 113 - 108 = 0. Is i composite?
False
Let x(f) = 40*f**2 - 1. Is x(-1) a prime number?
False
Suppose 0 = -2*x + 5*c + 5109, -2*x + 5*c = -5*x + 7726. Is x composite?
True
Let n be 1 + -4 + 1 + 2. Suppose 0 = -2*y - 0*y + 4. Suppose -66 = -n*i - y*i. Is i composite?
True
Let i(b) = -8*b**3 - 3*b**2 - b + 5. Let w(o) = -9*o**3 - 2*o**2 - o + 4. Let k(h) = 3*i(h) - 4*w(h). Is k(1) a prime number?
True
Let t(m) = -2*m - 3. Let n be t(-2). Let r be (0/4)/(2/n). Suppose -2*s = -r*s - 50. Is s a prime number?
False
Let r = -673 - 1157. Is (1 - -1)/((-12)/r) a prime number?
False
Let d be -5*(-3)/((-30)/(-28)). Suppose w + d - 143 = 0. Is w a composite number?
True
Let c(r) = -1 - 6*r**2 + 4*r + 0 + 0*r + 14*r**2. Is c(3) prime?
True
Let u(z) = 21 + 2 + 0*z + 0 + z. Is u(0) prime?
True
Let h(u) be the second derivative of -2*u**3 + 7*u**2/2 + u. Is h(-6) a composite number?
False
Is 23 - -139 - (2 + -1) prime?
False
Let l(p) = p - 1. Let t be l(6). Suppose -6 = -t*i + 9. Is 36 + ((-6)/2)/i prime?
False
Let w be (-2)/((-21)/(-9) + -2). Is (2/w)/(2/(-1338)) composite?
False
Suppose 4*h = g - 16, -3*g + g + 23 = h. Let b(m) = m**2 - m + 22. Let o be b(0). Let v = o - g. Is v a composite number?
True
Is ((-131)/4)/(5/(-20)) prime?
True
Let j(d) = 18*d + 4. Is j(3) a prime number?
False
Let o(k) = k**2 + 5*k - 13. Is o(9) a prime number?
True
Let f(s) = 8*s + 2. Let h = 7 - 2. Let j(x) = 4*x + 1. Let k(r) = h*j(r) - 3*f(r). Is k(-6) prime?
True
Suppose 0 = -3*a + 4*b + 503, -3*a + 634 = a + 2*b. Is a prime?
False
Is 8/(-2) + 2 - -256 prime?
False
Suppose 4*u = 2*u - 656. Let s = u - -519. Is s composite?
False
Let p = 20 - -95. Suppose 0 = 2*i - p - 55. Is i prime?
False
Suppose 0 = 2*f + 10 + 8. Is 7432/72 + 2/f prime?
True
Let n(m) = 96*m**2 + 3*m - 11. Is n(2) composite?
False
Let t be ((-1)/(-2))/(1/2). Let c be (0/(-4 + 1))/t. Suppose c = 3*i + 2*r - 167, -i + 47 = -r - 17. Is i a composite number?
False
Let o(x) = -x - 1. Suppose -3*c - 26 = c + 2*b, -5*c - 30 = 2*b. Let i be o(c). Suppose 0 = -f - i*f - d + 383, -d = -4*f + 393. Is f a composite number?
False
Suppose 0 = -0*z + 2*z - 7366. Is z a prime number?
False
Let n(j) = 17*j + 1. Let u be n(3). Suppose 2*f + 4*q - u = 0, 3*q = -5*f + 2*f + 69. Let w = f - -17. Is w a composite number?
False
Suppose -5*m - 5 = 4*y, 0 = -5*y - 3*m + 11 - 1. Suppose 5*l - 4*l + y = -2*v, v + 3*l + 5 = 0. Is (-2 - 11)*v/2 composite?
False
Let k = -3043 - -5002. Is k composite?
True
Let a = 0 - -7. Suppose -a*n = -10*n + 2373. Is n a prime number?
False
Let c(u) = -u + 1. Let n be c(-1). Suppose -n*g - 35 = -2*k + 5, -5*g + 47 = 2*k. Is k a composite number?
True
Suppose -66 = -o - 0*c + 2*c, 3*o - 208 = c. Let h = o - -115. Is h prime?
False
Let q(z) = 3*z**2 - 2*z + 1. Let v be q(1). Suppose -v*p = -74 - 156. Is p prime?
False
Let b(i) = -i + 4. Suppose 0 = -4*a + 2*a. Let m be b(a). Suppose 0 = 3*x + 2*t - 61, -m*x + 0*t - 2*t = -82. Is x composite?
True
Suppose -3*l = -241 - 230. Is l a prime number?
True
Let j(m) = 54*m**2 - 5*m + 15. Is j(-8) prime?
True
Let n be 3 - 2 - (0 + -2). Suppose -c - n*h = h + 1, -c + 5*h = 10. Let v = c + 16. Is v a composite number?
False
Suppose 0 = -4*b + 3214 + 702. Is b composite?
True
Suppose 397 = 8*y - 1131. Is y a prime number?
True
Suppose -4*j - j + 25 = 0. Suppose -2*o + 5*z = -3*o - 11, -5*z - 7 = 2*o. Suppose 12 = o*l - l, -3*i - j*l = -185. Is i a composite number?
True
Let q(n) = n**3 - 4*n**2 + 8. Is q(7) a prime number?
False
Let b(t) = 3*t**2 - 7*t + 1. Suppose 4*l - 2*j + 26 = 0, -3*j = -3*l - j - 21. Is b(l) a prime number?
False
Let t be (-1936)/(-36) + 6/27. Suppose 0 = z - t + 15. Is z composite?
True
Let a be (-6)/9 - 28/(-6). Suppose -2*j - a = -j, 5*k = -j + 1. Is 4*k*(-93)/(-12) prime?
True
Let c be (-32)/6 - 1/(-3). Let o(w) = w**2 + 4*w + 1. Let p be o(c). Suppose 0 = -3*r + p, 4*h = -0*h + r + 170. Is h a composite number?
False
Suppose -5*r + 15 = -2*f, -5*r + 12 = -13. Suppose 0 = -2*n - 2*h + 296, -4*h = f*n - 3*h - 728. Is n composite?
True
Let j = -6 - -2. Let f be 2/(j*2/(-532)). Let i = f + -68. Is i prime?
False
Suppose 2*c - 2*g = c + 186, -c - 3*g + 206 = 0. Suppose -4*w - c = -5*w. Let n = -109 + w. Is n a prime number?
False
Let w = -1 + 1. Suppose w = -4*j + 24 + 244. Is j composite?
False
Let b(c) = c**3 + 9*c**2 + c + 11. Suppose 5*y = 5, -2*y - 30 = 4*k - 0*y. Is b(k) a composite number?
False
Let l(d) = 11*d**3 - d**2 - 18*d + 5. Is l(6) a composite number?
False
Suppose -4*r + 10 = -138. Let o = -22 + r. Is o a prime number?
False
Let j(c) = 336*c**2 - 3*c - 4. Is j(3) a prime number?
True
Let s(n) = n - 9. Let t be s(10). Suppose -5*u = -3*x - 16, -4*x + x + 4*u - 14 = 0. Is t/x + 618/12 a prime number?
False
Let l = 56 + 29. Is l composite?
True
Let n = -11 + 11. Suppose n*f = -f + 155. Is f composite?
True
Suppose -l = -7*l + 1758. Is l a composite number?
False
Let x(v) = -363*v - 19. Is x(-10) composite?
True
Let t(w) = 2*w**3 - 7*w**2 + 10*w + 6. Is t(5) composite?
False
Let r(d) = -d + 2. Let c be r(-2). Suppose -c*i = -i - 111. Is i a prime number?
True
Suppose 5*p + 0*v = 3*v + 256, 0 = v - 3. Is p a prime number?
True
Let p = 4 - 4. Let q(j) = j**2 - j - 3. Let w be q(3). Suppose -4*y - 8 = p, 8 = z + z + w*y. Is z prime?
True
Suppose -2*z = -5*s - 158, 2*z = 3*z + 4*s - 105. Is z composite?
False
Let z(n) be the third derivative of n**6/60 - n**5/10 + 5*n**3/6 + n**2. Let t(w) = w**3 + w**2 + 4. Let k be t(0). Is z(k) a composite number?
False
Suppose 2*h + 32 = k + 5*h, 0 = 3*k - h - 96. Let g be (2 - 1/1) + k. Is g/((-3)/6 + 2) a composite number?
True
Is (105/(-28))/5 - 6014/(-8) prime?
True
Suppose -27 = -5*t - x, 4*t + 0 = -x + 22. Suppose 0*v = t*f + v - 117, 0 = f - 3*v - 17. Is f a composite number?
False
Let a(m) = 11*m**2 - 2*m + 8. Is a(-5) a prime number?
True
Let v(w) = -w. Let g(k) = -11*k - 5. Let o(y) = -g(y) - 3*v(y). Is o(6) a prime number?
True
Suppose 0 = 4*k - 4, -6*k + 758 = 3*x - k. Is x prime?
True
Suppose 2*g + 25 = 5*z, -4*z - 2*g = 2*g + 8. Suppose -z - 3 = -3*o, 5*l + 5*o = 470. Let f = -55 + l. Is f prime?
True
Let v be 7/3 - (-1)/(-3). Suppose 26 + 15 = g + b, 5*g - 177 = v*b. Is g a composite number?
False
Le